{"id":194,"date":"2024-12-11T12:16:35","date_gmt":"2024-12-11T11:16:35","guid":{"rendered":"https:\/\/kanaibeer.com\/?page_id=194"},"modified":"2024-12-11T12:31:58","modified_gmt":"2024-12-11T11:31:58","slug":"evenements-bieres-artisanales-kanai-beer","status":"publish","type":"page","link":"https:\/\/kanaibeer.com\/?page_id=194","title":{"rendered":"\u00c9v\u00e8nements"},"content":{"rendered":"\n<div class=\"wp-block-uagb-container uagb-block-ikc9re66 alignfull uagb-is-root-container\"><div class=\"uagb-container-inner-blocks-wrap\">\n<div class=\"wp-block-uagb-info-box uagb-block-wghhcrfj uagb-infobox__content-wrap  uagb-infobox-icon-above-title uagb-infobox-image-valign-top\"><div class=\"uagb-ifb-content\"><div class=\"uagb-ifb-title-wrap\"><h1 class=\"uagb-ifb-title\">Faites de vos \u00e9v\u00e9nements un moment unique avec Kana\u00ef !<\/h1><\/div><p class=\"uagb-ifb-desc\"><strong>Apportez une touche unique et conviviale \u00e0 vos \u00e9v\u00e9nements avec les bi\u00e8res artisanales Kana\u00ef.<\/strong><\/p><\/div><\/div>\n<\/div><\/div>\n\n\n\n<div class=\"wp-block-uagb-container uagb-block-c6bp7x5s alignfull uagb-is-root-container\"><div class=\"uagb-container-inner-blocks-wrap\">\n<div class=\"wp-block-uagb-image alignleft uagb-block-jjhnusde wp-block-uagb-image--layout-default wp-block-uagb-image--effect-static wp-block-uagb-image--align-left\"><figure class=\"wp-block-uagb-image__figure\"><img decoding=\"async\" srcset=\"https:\/\/kanaibeer.com\/wp-content\/uploads\/2024\/12\/thumbnail_IMG_1751.jpg ,https:\/\/kanaibeer.com\/wp-content\/uploads\/2024\/12\/thumbnail_IMG_1751.jpg 780w, https:\/\/kanaibeer.com\/wp-content\/uploads\/2024\/12\/thumbnail_IMG_1751.jpg 360w\" sizes=\"auto, (max-width: 480px) 150px\" src=\"https:\/\/kanaibeer.com\/wp-content\/uploads\/2024\/12\/thumbnail_IMG_1751.jpg\" alt=\"\" class=\"uag-image-200\" width=\"461\" height=\"423\" title=\"thumbnail_IMG_1751\" loading=\"lazy\" role=\"img\"\/><\/figure><\/div>\n\n\n\n<div class=\"wp-block-uagb-container uagb-block-yhepd34l\">\n<div class=\"wp-block-uagb-info-box uagb-block-0qsxspg0 uagb-infobox__content-wrap  uagb-infobox-icon-above-title uagb-infobox-image-valign-top\"><div class=\"uagb-ifb-content\"><div class=\"uagb-ifb-title-wrap\"><\/div><p class=\"uagb-ifb-desc\">Vous organisez un barbecue entre amis, un mariage, une f\u00eate de famille ou tout autre \u00e9v\u00e9nement sp\u00e9cial ? Chez Kana\u00ef, nous savons que les meilleurs moments se partagent autour d\u2019une bonne bi\u00e8re artisanale. Pour rendre vos occasions encore plus m\u00e9morables, nous vous proposons un service sur mesure qui apportera convivialit\u00e9 et authenticit\u00e9 \u00e0 votre \u00e9v\u00e9nement.<\/p><\/div><\/div>\n<\/div>\n<\/div><\/div>\n\n\n\n<div class=\"wp-block-uagb-container uagb-block-sjydhiih alignfull uagb-is-root-container\"><div class=\"uagb-container-inner-blocks-wrap\">\n<div class=\"wp-block-uagb-info-box uagb-block-sb5wpb9q uagb-infobox__content-wrap  uagb-infobox-icon-above-title uagb-infobox-image-valign-top\"><div class=\"uagb-ifb-content\"><div class=\"uagb-ifb-title-wrap\"><h2 class=\"uagb-ifb-title\">Pourquoi choisir Kana\u00ef pour vos \u00e9v\u00e9nements ?<\/h2><\/div><\/div><\/div>\n\n\n\n<div class=\"wp-block-uagb-container uagb-block-sng11zrq\">\n<div class=\"wp-block-uagb-container uagb-block-z7wtqnnz\">\n<div class=\"wp-block-uagb-image alignleft uagb-block-9s890ezf wp-block-uagb-image--layout-default wp-block-uagb-image--effect-static wp-block-uagb-image--align-left\"><figure class=\"wp-block-uagb-image__figure\"><img decoding=\"async\" srcset=\"https:\/\/kanaibeer.com\/wp-content\/uploads\/2024\/12\/thumbnail_IMG_1752-2-1024x968.jpg ,https:\/\/kanaibeer.com\/wp-content\/uploads\/2024\/12\/thumbnail_IMG_1752-2.jpg 780w, https:\/\/kanaibeer.com\/wp-content\/uploads\/2024\/12\/thumbnail_IMG_1752-2.jpg 360w\" sizes=\"auto, (max-width: 480px) 150px\" src=\"https:\/\/kanaibeer.com\/wp-content\/uploads\/2024\/12\/thumbnail_IMG_1752-2-1024x968.jpg\" alt=\"\" class=\"uag-image-205\" width=\"439\" height=\"288\" title=\"thumbnail_IMG_1752\" loading=\"lazy\" role=\"img\"\/><\/figure><\/div>\n\n\n\n<div class=\"wp-block-uagb-info-box uagb-block-wx8ht6ta uagb-infobox__content-wrap  uagb-infobox-icon-above-title uagb-infobox-image-valign-top\"><div class=\"uagb-ifb-content\"><div class=\"uagb-ifb-title-wrap\"><h3 class=\"uagb-ifb-title\"><strong>Des bi\u00e8res pour tous les go\u00fbts<\/strong><\/h3><\/div><p class=\"uagb-ifb-desc\">Blonde, blanche, brune, rousse ou IPA\u2026 notre gamme vari\u00e9e saura satisfaire tous les palais et accompagner chaque instant de votre \u00e9v\u00e9nement.<\/p><\/div><\/div>\n<\/div>\n\n\n\n<div class=\"wp-block-uagb-container uagb-block-xyqjmesm\">\n<div class=\"wp-block-uagb-image alignleft uagb-block-caq59fwy wp-block-uagb-image--layout-default wp-block-uagb-image--effect-static wp-block-uagb-image--align-left\"><figure class=\"wp-block-uagb-image__figure\"><img decoding=\"async\" srcset=\"https:\/\/kanaibeer.com\/wp-content\/uploads\/2024\/12\/thumbnail_IMG_1750-1.jpg ,https:\/\/kanaibeer.com\/wp-content\/uploads\/2024\/12\/thumbnail_IMG_1750-1.jpg 780w, https:\/\/kanaibeer.com\/wp-content\/uploads\/2024\/12\/thumbnail_IMG_1750-1.jpg 360w\" sizes=\"auto, (max-width: 480px) 150px\" src=\"https:\/\/kanaibeer.com\/wp-content\/uploads\/2024\/12\/thumbnail_IMG_1750-1.jpg\" alt=\"\" class=\"uag-image-202\" width=\"384\" height=\"288\" title=\"thumbnail_IMG_1750\" loading=\"lazy\" role=\"img\"\/><\/figure><\/div>\n\n\n\n<div class=\"wp-block-uagb-info-box uagb-block-fr8c6zhs uagb-infobox__content-wrap  uagb-infobox-icon-above-title uagb-infobox-image-valign-top\"><div class=\"uagb-ifb-content\"><div class=\"uagb-ifb-title-wrap\"><h3 class=\"uagb-ifb-title\"><strong><strong>Une tireuse \u00e0 bi\u00e8re \u00e0 disposition<\/strong><\/strong><\/h3><\/div><p class=\"uagb-ifb-desc\">Pour surprendre vos invit\u00e9s, profitez de notre tireuse \u00e0 bi\u00e8re. Elle permettra \u00e0 chacun de d\u00e9guster nos bi\u00e8res artisanales directement servies sous pression, une exp\u00e9rience unique qui ajoutera une touche professionnelle \u00e0 votre f\u00eate.<br><\/p><\/div><\/div>\n<\/div>\n\n\n\n<div class=\"wp-block-uagb-container uagb-block-skqfdnx8\">\n<div class=\"wp-block-uagb-image alignleft uagb-block-wfgtx8uu wp-block-uagb-image--layout-default wp-block-uagb-image--effect-static wp-block-uagb-image--align-left\"><figure class=\"wp-block-uagb-image__figure\"><img decoding=\"async\" srcset=\"https:\/\/kanaibeer.com\/wp-content\/uploads\/2024\/12\/thumbnail_IMG_1753.jpg ,https:\/\/kanaibeer.com\/wp-content\/uploads\/2024\/12\/thumbnail_IMG_1753.jpg 780w, https:\/\/kanaibeer.com\/wp-content\/uploads\/2024\/12\/thumbnail_IMG_1753.jpg 360w\" sizes=\"auto, (max-width: 480px) 150px\" src=\"https:\/\/kanaibeer.com\/wp-content\/uploads\/2024\/12\/thumbnail_IMG_1753.jpg\" alt=\"\" class=\"uag-image-206\" width=\"384\" height=\"288\" title=\"thumbnail_IMG_1753\" loading=\"lazy\" role=\"img\"\/><\/figure><\/div>\n\n\n\n<div class=\"wp-block-uagb-info-box uagb-block-d8gt1iym uagb-infobox__content-wrap  uagb-infobox-icon-above-title uagb-infobox-image-valign-top\"><div class=\"uagb-ifb-content\"><div class=\"uagb-ifb-title-wrap\"><h3 class=\"uagb-ifb-title\"><strong>Une exp\u00e9rience locale et authentique<\/strong><\/h3><\/div><p class=\"uagb-ifb-desc\">En choisissant Kana\u00ef, vous offrez \u00e0 vos invit\u00e9s le plaisir de d\u00e9couvrir des bi\u00e8res artisanales issues de la vall\u00e9e de la Roya, avec une histoire et des saveurs uniques.<br><\/p><\/div><\/div>\n<\/div>\n<\/div>\n<\/div><\/div>\n\n\n\n<div class=\"wp-block-uagb-container uagb-block-sbutt3y0 alignfull uagb-is-root-container\"><div class=\"uagb-container-inner-blocks-wrap\">\n<div class=\"wp-block-uagb-container uagb-block-uowgse2b\">\n<div class=\"wp-block-uagb-info-box uagb-block-rsorqrpm uagb-infobox__content-wrap  uagb-infobox-icon-above-title uagb-infobox-image-valign-top\"><div class=\"uagb-ifb-content\"><div class=\"uagb-ifb-title-wrap\"><h1 class=\"uagb-ifb-title\">Comment \u00e7a fonctionne ?<\/h1><\/div><p class=\"uagb-ifb-desc\">Contactez-nous pour discuter de votre projet et nous vous guiderons dans la mise en place de notre service. Nous proposons la location de notre tireuse \u00e0 bi\u00e8re avec des f\u00fbts adapt\u00e9s \u00e0 votre \u00e9v\u00e9nement, ainsi qu\u2019un accompagnement pour son installation et son utilisation.<br><br>Faites confiance \u00e0 Kana\u00ef pour transformer votre \u00e9v\u00e9nement en un v\u00e9ritable moment de partage et de convivialit\u00e9, o\u00f9 la bonne humeur sera toujours au rendez-vous ! N\u2019attendez plus, contactez-nous d\u00e8s aujourd\u2019hui pour r\u00e9server notre tireuse \u00e0 bi\u00e8re et rendre vos festivit\u00e9s inoubliables.<\/p><\/div><\/div>\n\n\n\n<div class=\"wp-block-uagb-buttons uagb-buttons__outer-wrap uagb-btn__default-btn uagb-btn-tablet__default-btn uagb-btn-mobile__default-btn uagb-block-zijwauza\"><div class=\"uagb-buttons__wrap uagb-buttons-layout-wrap \">\n<div class=\"wp-block-uagb-buttons-child uagb-buttons__outer-wrap uagb-block-j7tbutjo wp-block-button\"><div class=\"uagb-button__wrapper\"><a class=\"uagb-buttons-repeater wp-block-button__link\" aria-label=\"\" href=\"https:\/\/kanaibeer.com\/?page_id=142\u2197\" rel=\"follow noopener\" target=\"_self\" role=\"button\"><div class=\"uagb-button__link\">Contactez nous<\/div><\/a><\/div><\/div>\n<\/div><\/div>\n<\/div>\n\n\n\n<div class=\"wp-block-uagb-container uagb-block-xkcbnw8j\">\n<div class=\"wp-block-uagb-image alignleft uagb-block-gzgkgbfa wp-block-uagb-image--layout-default wp-block-uagb-image--effect-static wp-block-uagb-image--align-left\"><figure class=\"wp-block-uagb-image__figure\"><img decoding=\"async\" srcset=\"https:\/\/kanaibeer.com\/wp-content\/uploads\/2024\/12\/thumbnail_IMG_1754.jpg ,https:\/\/kanaibeer.com\/wp-content\/uploads\/2024\/12\/thumbnail_IMG_1754.jpg 780w, https:\/\/kanaibeer.com\/wp-content\/uploads\/2024\/12\/thumbnail_IMG_1754.jpg 360w\" sizes=\"auto, (max-width: 480px) 150px\" src=\"https:\/\/kanaibeer.com\/wp-content\/uploads\/2024\/12\/thumbnail_IMG_1754.jpg\" alt=\"\" class=\"uag-image-209\" width=\"273\" height=\"360\" title=\"thumbnail_IMG_1754\" loading=\"lazy\" role=\"img\"\/><\/figure><\/div>\n\n\n\n<div class=\"wp-block-uagb-image alignleft uagb-block-fyphsutn wp-block-uagb-image--layout-default wp-block-uagb-image--effect-static wp-block-uagb-image--align-left\"><figure class=\"wp-block-uagb-image__figure\"><img decoding=\"async\" srcset=\"https:\/\/kanaibeer.com\/wp-content\/uploads\/2024\/12\/thumbnail_IMG_1755-514x1024.jpg ,https:\/\/kanaibeer.com\/wp-content\/uploads\/2024\/12\/thumbnail_IMG_1755.jpg 780w, https:\/\/kanaibeer.com\/wp-content\/uploads\/2024\/12\/thumbnail_IMG_1755.jpg 360w\" sizes=\"auto, (max-width: 480px) 150px\" src=\"https:\/\/kanaibeer.com\/wp-content\/uploads\/2024\/12\/thumbnail_IMG_1755-514x1024.jpg\" alt=\"\" class=\"uag-image-210\" width=\"270\" height=\"360\" title=\"thumbnail_IMG_1755\" loading=\"lazy\" role=\"img\"\/><\/figure><\/div>\n<\/div>\n<\/div><\/div>\n\n\n\n<div class=\"wp-block-uagb-container uagb-block-ixvp9vcy alignfull uagb-is-root-container\"><div class=\"uagb-container-inner-blocks-wrap\">\n<div class=\"wp-block-uagb-info-box uagb-block-ssjxrmof uagb-infobox__content-wrap  uagb-infobox-icon-above-title uagb-infobox-image-valign-top\"><div class=\"uagb-ifb-content\"><div class=\"uagb-ifb-title-wrap\"><h2 class=\"uagb-ifb-title\">Kanai.beer2021@gmail.com<\/h2><\/div><\/div><\/div>\n\n\n\n<div class=\"wp-block-uagb-container uagb-block-4d5nsfs8\">\n<div class=\"wp-block-uagb-info-box uagb-block-womnn1vm uagb-infobox__content-wrap  uagb-infobox-icon-above-title uagb-infobox-image-valign-top\"><div class=\"uagb-ifb-content\"><div class=\"uagb-ifb-title-wrap\"><\/div><p class=\"uagb-ifb-desc\">Contactez-nous d\u00e8s maintenant et offrez \u00e0 vos invit\u00e9s l\u2019exp\u00e9rience unique des bi\u00e8res Kana\u00ef !<\/p><\/div><\/div>\n\n\n\n<div class=\"wp-block-uagb-buttons uagb-buttons__outer-wrap uagb-btn__default-btn uagb-btn-tablet__default-btn uagb-btn-mobile__default-btn uagb-block-lzkogixi\"><div class=\"uagb-buttons__wrap uagb-buttons-layout-wrap \">\n<div class=\"wp-block-uagb-buttons-child uagb-buttons__outer-wrap uagb-block-yyeiyqn9 wp-block-button\"><div class=\"uagb-button__wrapper\"><a class=\"uagb-buttons-repeater wp-block-button__link\" aria-label=\"\" href=\"https:\/\/kanaibeer.com\/?page_id=142\u2197\" rel=\"follow noopener\" target=\"_self\" role=\"button\"><div class=\"uagb-button__link\">Ici !<\/div><\/a><\/div><\/div>\n<\/div><\/div>\n<\/div>\n<\/div><\/div>\n","protected":false},"excerpt":{"rendered":"","protected":false},"author":1,"featured_media":0,"parent":0,"menu_order":0,"comment_status":"closed","ping_status":"closed","template":"","meta":{"_uag_custom_page_level_css":"","site-sidebar-layout":"default","site-content-layout":"","ast-site-content-layout":"","site-content-style":"default","site-sidebar-style":"default","ast-global-header-display":"","ast-banner-title-visibility":"","ast-main-header-display":"","ast-hfb-above-header-display":"","ast-hfb-below-header-display":"","ast-hfb-mobile-header-display":"","site-post-title":"disabled","ast-breadcrumbs-content":"","ast-featured-img":"","footer-sml-layout":"","theme-transparent-header-meta":"","adv-header-id-meta":"","stick-header-meta":"","header-above-stick-meta":"","header-main-stick-meta":"","header-below-stick-meta":"","astra-migrate-meta-layouts":"default","ast-page-background-enabled":"default","ast-page-background-meta":{"desktop":{"background-color":"var(--ast-global-color-4)","background-image":"","background-repeat":"repeat","background-position":"center center","background-size":"auto","background-attachment":"scroll","background-type":"","background-media":"","overlay-type":"","overlay-color":"","overlay-opacity":"","overlay-gradient":""},"tablet":{"background-color":"","background-image":"","background-repeat":"repeat","background-position":"center center","background-size":"auto","background-attachment":"scroll","background-type":"","background-media":"","overlay-type":"","overlay-color":"","overlay-opacity":"","overlay-gradient":""},"mobile":{"background-color":"","background-image":"","background-repeat":"repeat","background-position":"center center","background-size":"auto","background-attachment":"scroll","background-type":"","background-media":"","overlay-type":"","overlay-color":"","overlay-opacity":"","overlay-gradient":""}},"ast-content-background-meta":{"desktop":{"background-color":"var(--ast-global-color-5)","background-image":"","background-repeat":"repeat","background-position":"center center","background-size":"auto","background-attachment":"scroll","background-type":"","background-media":"","overlay-type":"","overlay-color":"","overlay-opacity":"","overlay-gradient":""},"tablet":{"background-color":"var(--ast-global-color-5)","background-image":"","background-repeat":"repeat","background-position":"center center","background-size":"auto","background-attachment":"scroll","background-type":"","background-media":"","overlay-type":"","overlay-color":"","overlay-opacity":"","overlay-gradient":""},"mobile":{"background-color":"var(--ast-global-color-5)","background-image":"","background-repeat":"repeat","background-position":"center center","background-size":"auto","background-attachment":"scroll","background-type":"","background-media":"","overlay-type":"","overlay-color":"","overlay-opacity":"","overlay-gradient":""}},"footnotes":""},"class_list":["post-194","page","type-page","status-publish","hentry"],"yoast_head":"<!-- This site is optimized with the Yoast SEO plugin v24.0 - https:\/\/yoast.com\/wordpress\/plugins\/seo\/ -->\n<title>\u00c9v\u00e8nements -<\/title>\n<meta name=\"description\" content=\"Organisez vos \u00e9v\u00e9nements avec les bi\u00e8res artisanales Kana\u00ef ! Location de tireuse \u00e0 bi\u00e8re pour mariages, barbecues et f\u00eates conviviales.\" \/>\n<meta name=\"robots\" content=\"index, follow, max-snippet:-1, max-image-preview:large, max-video-preview:-1\" \/>\n<link rel=\"canonical\" href=\"https:\/\/kanaibeer.com\/?page_id=194\" \/>\n<meta property=\"og:locale\" content=\"fr_FR\" \/>\n<meta property=\"og:type\" content=\"article\" \/>\n<meta property=\"og:title\" content=\"\u00c9v\u00e8nements -\" \/>\n<meta property=\"og:description\" content=\"Organisez vos \u00e9v\u00e9nements avec les bi\u00e8res artisanales Kana\u00ef ! Location de tireuse \u00e0 bi\u00e8re pour mariages, barbecues et f\u00eates conviviales.\" \/>\n<meta property=\"og:url\" content=\"https:\/\/kanaibeer.com\/?page_id=194\" \/>\n<meta property=\"article:modified_time\" content=\"2024-12-11T11:31:58+00:00\" \/>\n<meta property=\"og:image\" content=\"http:\/\/kanaibeer.com\/wp-content\/uploads\/2024\/12\/thumbnail_IMG_1751.jpg\" \/>\n<meta name=\"twitter:card\" content=\"summary_large_image\" \/>\n<meta name=\"twitter:label1\" content=\"Dur\u00e9e de lecture estim\u00e9e\" \/>\n\t<meta name=\"twitter:data1\" content=\"3 minutes\" \/>\n<script type=\"application\/ld+json\" class=\"yoast-schema-graph\">{\"@context\":\"https:\/\/schema.org\",\"@graph\":[{\"@type\":\"WebPage\",\"@id\":\"https:\/\/kanaibeer.com\/?page_id=194\",\"url\":\"https:\/\/kanaibeer.com\/?page_id=194\",\"name\":\"\u00c9v\u00e8nements -\",\"isPartOf\":{\"@id\":\"https:\/\/kanaibeer.com\/#website\"},\"primaryImageOfPage\":{\"@id\":\"https:\/\/kanaibeer.com\/?page_id=194#primaryimage\"},\"image\":{\"@id\":\"https:\/\/kanaibeer.com\/?page_id=194#primaryimage\"},\"thumbnailUrl\":\"http:\/\/kanaibeer.com\/wp-content\/uploads\/2024\/12\/thumbnail_IMG_1751.jpg\",\"datePublished\":\"2024-12-11T11:16:35+00:00\",\"dateModified\":\"2024-12-11T11:31:58+00:00\",\"description\":\"Organisez vos \u00e9v\u00e9nements avec les bi\u00e8res artisanales Kana\u00ef ! Location de tireuse \u00e0 bi\u00e8re pour mariages, barbecues et f\u00eates conviviales.\",\"breadcrumb\":{\"@id\":\"https:\/\/kanaibeer.com\/?page_id=194#breadcrumb\"},\"inLanguage\":\"fr-FR\",\"potentialAction\":[{\"@type\":\"ReadAction\",\"target\":[\"https:\/\/kanaibeer.com\/?page_id=194\"]}]},{\"@type\":\"ImageObject\",\"inLanguage\":\"fr-FR\",\"@id\":\"https:\/\/kanaibeer.com\/?page_id=194#primaryimage\",\"url\":\"http:\/\/kanaibeer.com\/wp-content\/uploads\/2024\/12\/thumbnail_IMG_1751.jpg\",\"contentUrl\":\"http:\/\/kanaibeer.com\/wp-content\/uploads\/2024\/12\/thumbnail_IMG_1751.jpg\"},{\"@type\":\"BreadcrumbList\",\"@id\":\"https:\/\/kanaibeer.com\/?page_id=194#breadcrumb\",\"itemListElement\":[{\"@type\":\"ListItem\",\"position\":1,\"name\":\"Accueil\",\"item\":\"https:\/\/kanaibeer.com\/\"},{\"@type\":\"ListItem\",\"position\":2,\"name\":\"\u00c9v\u00e8nements\"}]},{\"@type\":\"WebSite\",\"@id\":\"https:\/\/kanaibeer.com\/#website\",\"url\":\"https:\/\/kanaibeer.com\/\",\"name\":\"\",\"description\":\"vitrine conviviale et authentique d\u00e9di\u00e9e \u00e0 la d\u00e9couverte de bi\u00e8res artisanales uniques, incarnant partage, terroir et cr\u00e9ativit\u00e9.\",\"potentialAction\":[{\"@type\":\"SearchAction\",\"target\":{\"@type\":\"EntryPoint\",\"urlTemplate\":\"https:\/\/kanaibeer.com\/?s={search_term_string}\"},\"query-input\":{\"@type\":\"PropertyValueSpecification\",\"valueRequired\":true,\"valueName\":\"search_term_string\"}}],\"inLanguage\":\"fr-FR\"}]}<\/script>\n<!-- \/ Yoast SEO plugin. -->","yoast_head_json":{"title":"\u00c9v\u00e8nements -","description":"Organisez vos \u00e9v\u00e9nements avec les bi\u00e8res artisanales Kana\u00ef ! Location de tireuse \u00e0 bi\u00e8re pour mariages, barbecues et f\u00eates conviviales.","robots":{"index":"index","follow":"follow","max-snippet":"max-snippet:-1","max-image-preview":"max-image-preview:large","max-video-preview":"max-video-preview:-1"},"canonical":"https:\/\/kanaibeer.com\/?page_id=194","og_locale":"fr_FR","og_type":"article","og_title":"\u00c9v\u00e8nements -","og_description":"Organisez vos \u00e9v\u00e9nements avec les bi\u00e8res artisanales Kana\u00ef ! Location de tireuse \u00e0 bi\u00e8re pour mariages, barbecues et f\u00eates conviviales.","og_url":"https:\/\/kanaibeer.com\/?page_id=194","article_modified_time":"2024-12-11T11:31:58+00:00","og_image":[{"url":"http:\/\/kanaibeer.com\/wp-content\/uploads\/2024\/12\/thumbnail_IMG_1751.jpg","type":"","width":"","height":""}],"twitter_card":"summary_large_image","twitter_misc":{"Dur\u00e9e de lecture estim\u00e9e":"3 minutes"},"schema":{"@context":"https:\/\/schema.org","@graph":[{"@type":"WebPage","@id":"https:\/\/kanaibeer.com\/?page_id=194","url":"https:\/\/kanaibeer.com\/?page_id=194","name":"\u00c9v\u00e8nements -","isPartOf":{"@id":"https:\/\/kanaibeer.com\/#website"},"primaryImageOfPage":{"@id":"https:\/\/kanaibeer.com\/?page_id=194#primaryimage"},"image":{"@id":"https:\/\/kanaibeer.com\/?page_id=194#primaryimage"},"thumbnailUrl":"http:\/\/kanaibeer.com\/wp-content\/uploads\/2024\/12\/thumbnail_IMG_1751.jpg","datePublished":"2024-12-11T11:16:35+00:00","dateModified":"2024-12-11T11:31:58+00:00","description":"Organisez vos \u00e9v\u00e9nements avec les bi\u00e8res artisanales Kana\u00ef ! Location de tireuse \u00e0 bi\u00e8re pour mariages, barbecues et f\u00eates conviviales.","breadcrumb":{"@id":"https:\/\/kanaibeer.com\/?page_id=194#breadcrumb"},"inLanguage":"fr-FR","potentialAction":[{"@type":"ReadAction","target":["https:\/\/kanaibeer.com\/?page_id=194"]}]},{"@type":"ImageObject","inLanguage":"fr-FR","@id":"https:\/\/kanaibeer.com\/?page_id=194#primaryimage","url":"http:\/\/kanaibeer.com\/wp-content\/uploads\/2024\/12\/thumbnail_IMG_1751.jpg","contentUrl":"http:\/\/kanaibeer.com\/wp-content\/uploads\/2024\/12\/thumbnail_IMG_1751.jpg"},{"@type":"BreadcrumbList","@id":"https:\/\/kanaibeer.com\/?page_id=194#breadcrumb","itemListElement":[{"@type":"ListItem","position":1,"name":"Accueil","item":"https:\/\/kanaibeer.com\/"},{"@type":"ListItem","position":2,"name":"\u00c9v\u00e8nements"}]},{"@type":"WebSite","@id":"https:\/\/kanaibeer.com\/#website","url":"https:\/\/kanaibeer.com\/","name":"","description":"vitrine conviviale et authentique d\u00e9di\u00e9e \u00e0 la d\u00e9couverte de bi\u00e8res artisanales uniques, incarnant partage, terroir et cr\u00e9ativit\u00e9.","potentialAction":[{"@type":"SearchAction","target":{"@type":"EntryPoint","urlTemplate":"https:\/\/kanaibeer.com\/?s={search_term_string}"},"query-input":{"@type":"PropertyValueSpecification","valueRequired":true,"valueName":"search_term_string"}}],"inLanguage":"fr-FR"}]}},"uagb_featured_image_src":{"full":false,"thumbnail":false,"medium":false,"medium_large":false,"large":false,"1536x1536":false,"2048x2048":false},"uagb_author_info":{"display_name":"admin9689","author_link":"https:\/\/kanaibeer.com\/?author=1"},"uagb_comment_info":0,"uagb_excerpt":null,"_links":{"self":[{"href":"https:\/\/kanaibeer.com\/index.php?rest_route=\/wp\/v2\/pages\/194","targetHints":{"allow":["GET"]}}],"collection":[{"href":"https:\/\/kanaibeer.com\/index.php?rest_route=\/wp\/v2\/pages"}],"about":[{"href":"https:\/\/kanaibeer.com\/index.php?rest_route=\/wp\/v2\/types\/page"}],"author":[{"embeddable":true,"href":"https:\/\/kanaibeer.com\/index.php?rest_route=\/wp\/v2\/users\/1"}],"replies":[{"embeddable":true,"href":"https:\/\/kanaibeer.com\/index.php?rest_route=%2Fwp%2Fv2%2Fcomments&post=194"}],"version-history":[{"count":6,"href":"https:\/\/kanaibeer.com\/index.php?rest_route=\/wp\/v2\/pages\/194\/revisions"}],"predecessor-version":[{"id":217,"href":"https:\/\/kanaibeer.com\/index.php?rest_route=\/wp\/v2\/pages\/194\/revisions\/217"}],"wp:attachment":[{"href":"https:\/\/kanaibeer.com\/index.php?rest_route=%2Fwp%2Fv2%2Fmedia&parent=194"}],"curies":[{"name":"wp","href":"https:\/\/api.w.org\/{rel}","templated":true}]}}