{"id":85,"date":"2024-12-06T12:20:43","date_gmt":"2024-12-06T11:20:43","guid":{"rendered":"https:\/\/kanaibeer.com\/?page_id=85"},"modified":"2024-12-10T14:57:55","modified_gmt":"2024-12-10T13:57:55","slug":"qui-sommes-nous","status":"publish","type":"page","link":"https:\/\/kanaibeer.com\/?page_id=85","title":{"rendered":"Qui sommes-nous ?"},"content":{"rendered":"\n<div class=\"wp-block-uagb-container uagb-block-o7twm2hi alignfull uagb-is-root-container\"><div class=\"uagb-container-inner-blocks-wrap\">\n<div class=\"wp-block-uagb-info-box uagb-block-7xhpfmcs uagb-infobox__content-wrap  uagb-infobox-icon-above-title uagb-infobox-image-valign-top\"><div class=\"uagb-ifb-content\"><div class=\"uagb-ifb-title-wrap\"><h1 class=\"uagb-ifb-title\"><strong>Qui sommes-nous ?<\/strong><\/h1><\/div><\/div><\/div>\n\n\n\n<div class=\"wp-block-uagb-info-box uagb-block-d1anepru uagb-infobox__content-wrap  uagb-infobox-icon-above-title uagb-infobox-image-valign-top\"><div class=\"uagb-ifb-content\"><div class=\"uagb-ifb-title-wrap\"><\/div><p class=\"uagb-ifb-desc\">D\u00e9couvrez notre histoire&#8230;<\/p><\/div><\/div>\n<\/div><\/div>\n\n\n\n<div class=\"wp-block-uagb-container uagb-block-2pme7bk8 alignfull uagb-is-root-container\"><div class=\"uagb-container-inner-blocks-wrap\">\n<div class=\"wp-block-uagb-image alignleft uagb-block-zdfykmto wp-block-uagb-image--layout-default wp-block-uagb-image--effect-static wp-block-uagb-image--align-left\"><figure class=\"wp-block-uagb-image__figure\"><img decoding=\"async\" srcset=\"https:\/\/kanaibeer.com\/wp-content\/uploads\/2024\/12\/thumbnail_BD17C8EA-7789-45E2-9E7C-29C1969035BE-1024x768.jpg ,https:\/\/kanaibeer.com\/wp-content\/uploads\/2024\/12\/thumbnail_BD17C8EA-7789-45E2-9E7C-29C1969035BE.jpg 780w, https:\/\/kanaibeer.com\/wp-content\/uploads\/2024\/12\/thumbnail_BD17C8EA-7789-45E2-9E7C-29C1969035BE.jpg 360w\" sizes=\"auto, (max-width: 480px) 150px\" src=\"https:\/\/kanaibeer.com\/wp-content\/uploads\/2024\/12\/thumbnail_BD17C8EA-7789-45E2-9E7C-29C1969035BE-1024x768.jpg\" alt=\"\" class=\"uag-image-92\" width=\"1200\" height=\"350\" title=\"thumbnail_BD17C8EA-7789-45E2-9E7C-29C1969035BE\" loading=\"lazy\" role=\"img\"\/><\/figure><\/div>\n\n\n\n<div class=\"wp-block-uagb-container uagb-block-xdh3cwkd\">\n<div class=\"wp-block-uagb-info-box uagb-block-f8fcdb2p uagb-infobox__content-wrap  uagb-infobox-icon-above-title uagb-infobox-image-valign-top\"><div class=\"uagb-ifb-content\"><div class=\"uagb-ifb-title-wrap\"><h2 class=\"uagb-ifb-title\"><strong>Notre histoire<\/strong><\/h2><\/div><\/div><\/div>\n\n\n\n<div class=\"wp-block-uagb-info-box uagb-block-uefsvwqx uagb-infobox__content-wrap  uagb-infobox-icon-above-title uagb-infobox-image-valign-top\"><div class=\"uagb-ifb-content\"><div class=\"uagb-ifb-title-wrap\"><\/div><p class=\"uagb-ifb-desc\">Nous sommes de bons amis qui avons d\u00e9cid\u00e9 un jour, apr\u00e8s de belles<br>soir\u00e9es de partages et de rires, de nous lancer dans un projet qui<br>nous a toujours tenu \u00e0 c\u0153ur : la r\u00e9alisation de produits locaux, alliant<br>qualit\u00e9, authenticit\u00e9 et convivialit\u00e9.<br><br>Apr\u00e8s plusieurs id\u00e9es et successions de vifs \u00e9changes enivr\u00e9s, nous<br>avons d\u00e9cid\u00e9 de faire na\u00eetre notre propre bi\u00e8re artisanale, emprunte<br>de nos valeurs et de nos convictions intimes !<br>Nous sommes persuad\u00e9s que la bi\u00e8re est un produit universel et<br>f\u00e9d\u00e9rateur.<br><br>Nous souhaitons que chaque d\u00e9gustation soit un voyage fabuleux<br>autour de l\u2019amiti\u00e9 et du partage.<br>D\u00e8s lors, nous avons \u00e9labor\u00e9 cinq recettes, proposant une diversit\u00e9<br>d\u2019ar\u00f4mes et de saveurs permettant \u00e0 tout amateur de satisfaire son<br>palais quelle que soit la p\u00e9riode de l\u2019ann\u00e9e, l\u2019heure de la journ\u00e9e ou<br>le plat d\u00e9gust\u00e9!<br><br>Et parce que la temp\u00eate Alex a d\u00e9vast\u00e9 notre belle vall\u00e9e de la Roya,<br>elle nous a convaincu de la n\u00e9cessit\u00e9 de faire vivre notre territoire,<br>plus que jamais. Etant des enfants de La Brigue, nous portons un<br>tr\u00e8s grand attachement \u00e0 ce village qui nous a vu grandir et aussi o\u00f9<br>nous avons imagin\u00e9 ce projet fou. C\u2019est donc tout naturellement que<br>notre soci\u00e9t\u00e9 est officiellement install\u00e9e sur la commune. Point de<br>rendez-vous de toutes nos r\u00e9unions anim\u00e9es autour du projet Kana\u00ef<br>et sources de toutes nos ambitions de d\u00e9veloppement\u2026<\/p><\/div><\/div>\n<\/div>\n<\/div><\/div>\n\n\n\n<div class=\"wp-block-uagb-container uagb-block-fhvugf7m alignfull uagb-is-root-container\"><div class=\"uagb-container-inner-blocks-wrap\">\n<div class=\"wp-block-uagb-container uagb-block-qtkcesoz\">\n<div class=\"wp-block-uagb-info-box uagb-block-bhikgwqx uagb-infobox__content-wrap  uagb-infobox-icon-above-title uagb-infobox-image-valign-top\"><div class=\"uagb-ifb-content\"><div class=\"uagb-ifb-title-wrap\"><h2 class=\"uagb-ifb-title\">Pourquoi choisir Kana\u00ef ?<\/h2><\/div><\/div><\/div>\n\n\n\n<div class=\"wp-block-uagb-info-box uagb-block-jmndjzzd uagb-infobox__content-wrap  uagb-infobox-icon-above-title uagb-infobox-image-valign-top\"><div class=\"uagb-ifb-content\"><div class=\"uagb-ifb-title-wrap\"><\/div><\/div><\/div>\n<\/div>\n\n\n\n<div class=\"wp-block-uagb-container uagb-block-dmardy5f\">\n<div class=\"wp-block-uagb-container uagb-block-nceu9skk\">\n<div class=\"wp-block-uagb-info-box uagb-block-s0jl2etd uagb-infobox__content-wrap  uagb-infobox-icon-above-title uagb-infobox-image-valign-top\"><div class=\"uagb-ifb-content\"><div class=\"uagb-ifb-title-wrap\"><p class=\"uagb-ifb-title-prefix\">01<\/p><h3 class=\"uagb-ifb-title\">Authenticit\u00e9 locale<\/h3><\/div><p class=\"uagb-ifb-desc\">Kana\u00ef est une bi\u00e8re artisanale enracin\u00e9e dans la vall\u00e9e de la Roya, valorisant les produits locaux et soutenant le terroir de La Brigue.<\/p><\/div><\/div>\n<\/div>\n\n\n\n<div class=\"wp-block-uagb-container uagb-block-nzglk637\">\n<div class=\"wp-block-uagb-info-box uagb-block-bufqsenf uagb-infobox__content-wrap  uagb-infobox-icon-above-title uagb-infobox-image-valign-top\"><div class=\"uagb-ifb-content\"><div class=\"uagb-ifb-title-wrap\"><p class=\"uagb-ifb-title-prefix\">02<\/p><h3 class=\"uagb-ifb-title\">Diversit\u00e9 des saveurs<\/h3><\/div><p class=\"uagb-ifb-desc\">Une gamme vari\u00e9e (blonde, blanche, brune, rousse, IPA) pour satisfaire tous les palais et accompagner chaque moment.<\/p><\/div><\/div>\n<\/div>\n\n\n\n<div class=\"wp-block-uagb-container uagb-block-x1yszedy\">\n<div class=\"wp-block-uagb-info-box uagb-block-da4bjtky uagb-infobox__content-wrap  uagb-infobox-icon-above-title uagb-infobox-image-valign-top\"><div class=\"uagb-ifb-content\"><div class=\"uagb-ifb-title-wrap\"><p class=\"uagb-ifb-title-prefix\">03<\/p><h3 class=\"uagb-ifb-title\"><strong>Esprit de convivialit\u00e9<\/strong><\/h3><\/div><p class=\"uagb-ifb-desc\">Plus qu\u2019une bi\u00e8re, Kana\u00ef incarne le partage, l\u2019amiti\u00e9 et les instants inoubliables pass\u00e9s entre proches.<\/p><\/div><\/div>\n<\/div>\n<\/div>\n<\/div><\/div>\n\n\n\n<p><\/p>\n\n\n\n<div class=\"wp-block-uagb-info-box uagb-block-812c7dca uagb-infobox__content-wrap  uagb-infobox-icon-above-title uagb-infobox-image-valign-top\"><div class=\"uagb-ifb-content\"><div class=\"uagb-ifb-image-content\"><img decoding=\"async\" src=\"http:\/\/kanaibeer.com\/wp-content\/uploads\/2024\/12\/kanai-png-244x300.png\" alt=\"\" width=\"\" height=\"0\" loading=\"lazy\"\/><\/div><div class=\"uagb-ifb-title-wrap\"><h3 class=\"uagb-ifb-title\">POURQUOI CE NOM<\/h3><\/div><p class=\"uagb-ifb-desc\">Nous te r\u00e9pondrons que nous avons tous une \u00ab canaille \u00bb qui sommeille en nous, n\u2019est-ce pas !?! Tu sais, cet \u00eatre coquin et farfelu, qui sait transformer une soir\u00e9e pr\u00e9dispos\u00e9e calme, en un vrai moment d\u2019exception o\u00f9 plaisir, bonheur et rires se conjuguent avec magie. <br>Si tu voies ce que nous voulons dire, c\u2019est qu\u2019une Kana\u00ef sommeille d\u00e9j\u00e0 en toi !!! <br>Sera-t-elle Blonde, Blanche, Brune, Rousse ou encore IPApapa \u2026 A toi de le d\u00e9couvrir ! <br>Notre gamme de produits a fait l\u2019objet d\u2019une s\u00e9lection des saveurs caract\u00e9ristiques de chaque type de bi\u00e8re, mais surtout comme nous aimons le souligner, nous avons cr\u00e9\u00e9 des recettes o\u00f9 chaque membre d\u2019un groupe d\u2019amis peut se retrouver, aussi unique soit-il ! En souhaitant que chacune de nos KANA\u00cf soient les dignes complices de vos moments partag\u00e9s \u2026 <br>Bonne d\u00e9gustation !<br><\/p><\/div><\/div>\n\n\n\n<div class=\"wp-block-uagb-container uagb-block-0c5okitf alignfull uagb-is-root-container\"><div class=\"uagb-container-inner-blocks-wrap\">\n<div class=\"wp-block-uagb-info-box uagb-block-rzlguq9n uagb-infobox__content-wrap  uagb-infobox-icon-above-title uagb-infobox-image-valign-top\"><div class=\"uagb-ifb-content\"><div class=\"uagb-ifb-title-wrap\"><h2 class=\"uagb-ifb-title\">Nous contacter<\/h2><\/div><\/div><\/div>\n\n\n\n<div class=\"wp-block-uagb-container uagb-block-mpafnpru\">\n<div class=\"wp-block-uagb-info-box uagb-block-mc3cfklj uagb-infobox__content-wrap  uagb-infobox-icon-above-title uagb-infobox-image-valign-top\"><div class=\"uagb-ifb-content\"><div class=\"uagb-ifb-title-wrap\"><\/div><p class=\"uagb-ifb-desc\">N\u2019h\u00e9sitez pas \u00e0 nous contacter pour d\u00e9couvrir nos bi\u00e8res et partager notre passion. \u00c0 bient\u00f4t autour d\u2019une Kana\u00ef !<\/p><\/div><\/div>\n\n\n\n<div class=\"wp-block-uagb-buttons uagb-buttons__outer-wrap uagb-btn__default-btn uagb-btn-tablet__default-btn uagb-btn-mobile__default-btn uagb-block-t9saiexh\"><div class=\"uagb-buttons__wrap uagb-buttons-layout-wrap \">\n<div class=\"wp-block-uagb-buttons-child uagb-buttons__outer-wrap uagb-block-nigeqwb9 wp-block-button\"><div class=\"uagb-button__wrapper\"><a class=\"uagb-buttons-repeater wp-block-button__link\" aria-label=\"\" href=\"https:\/\/kanaibeer.com\/?page_id=142\u2197\" rel=\"follow noopener\" target=\"_self\" role=\"button\"><div class=\"uagb-button__link\">nous contacter<\/div><\/a><\/div><\/div>\n<\/div><\/div>\n<\/div>\n<\/div><\/div>\n","protected":false},"excerpt":{"rendered":"","protected":false},"author":1,"featured_media":0,"parent":0,"menu_order":0,"comment_status":"closed","ping_status":"closed","template":"","meta":{"_uag_custom_page_level_css":"","site-sidebar-layout":"default","site-content-layout":"","ast-site-content-layout":"","site-content-style":"default","site-sidebar-style":"default","ast-global-header-display":"","ast-banner-title-visibility":"","ast-main-header-display":"","ast-hfb-above-header-display":"","ast-hfb-below-header-display":"","ast-hfb-mobile-header-display":"","site-post-title":"disabled","ast-breadcrumbs-content":"","ast-featured-img":"","footer-sml-layout":"","theme-transparent-header-meta":"","adv-header-id-meta":"","stick-header-meta":"","header-above-stick-meta":"","header-main-stick-meta":"","header-below-stick-meta":"","astra-migrate-meta-layouts":"default","ast-page-background-enabled":"default","ast-page-background-meta":{"desktop":{"background-color":"var(--ast-global-color-4)","background-image":"","background-repeat":"repeat","background-position":"center center","background-size":"auto","background-attachment":"scroll","background-type":"","background-media":"","overlay-type":"","overlay-color":"","overlay-opacity":"","overlay-gradient":""},"tablet":{"background-color":"","background-image":"","background-repeat":"repeat","background-position":"center center","background-size":"auto","background-attachment":"scroll","background-type":"","background-media":"","overlay-type":"","overlay-color":"","overlay-opacity":"","overlay-gradient":""},"mobile":{"background-color":"","background-image":"","background-repeat":"repeat","background-position":"center center","background-size":"auto","background-attachment":"scroll","background-type":"","background-media":"","overlay-type":"","overlay-color":"","overlay-opacity":"","overlay-gradient":""}},"ast-content-background-meta":{"desktop":{"background-color":"var(--ast-global-color-5)","background-image":"","background-repeat":"repeat","background-position":"center center","background-size":"auto","background-attachment":"scroll","background-type":"","background-media":"","overlay-type":"","overlay-color":"","overlay-opacity":"","overlay-gradient":""},"tablet":{"background-color":"var(--ast-global-color-5)","background-image":"","background-repeat":"repeat","background-position":"center center","background-size":"auto","background-attachment":"scroll","background-type":"","background-media":"","overlay-type":"","overlay-color":"","overlay-opacity":"","overlay-gradient":""},"mobile":{"background-color":"var(--ast-global-color-5)","background-image":"","background-repeat":"repeat","background-position":"center center","background-size":"auto","background-attachment":"scroll","background-type":"","background-media":"","overlay-type":"","overlay-color":"","overlay-opacity":"","overlay-gradient":""}},"footnotes":""},"class_list":["post-85","page","type-page","status-publish","hentry"],"yoast_head":"<!-- This site is optimized with the Yoast SEO plugin v24.0 - https:\/\/yoast.com\/wordpress\/plugins\/seo\/ -->\n<title>Qui sommes-nous ? -<\/title>\n<meta name=\"description\" content=\"Kana\u00ef, des bi\u00e8res artisanales uniques, cr\u00e9\u00e9es avec passion et inspir\u00e9es par l\u2019amiti\u00e9, enracin\u00e9es dans la vall\u00e9e de la Roya.\" \/>\n<meta name=\"robots\" content=\"index, follow, max-snippet:-1, max-image-preview:large, max-video-preview:-1\" \/>\n<link rel=\"canonical\" href=\"https:\/\/kanaibeer.com\/?page_id=85\" \/>\n<meta property=\"og:locale\" content=\"fr_FR\" \/>\n<meta property=\"og:type\" content=\"article\" \/>\n<meta property=\"og:title\" content=\"Qui sommes-nous ? -\" \/>\n<meta property=\"og:description\" content=\"Kana\u00ef, des bi\u00e8res artisanales uniques, cr\u00e9\u00e9es avec passion et inspir\u00e9es par l\u2019amiti\u00e9, enracin\u00e9es dans la vall\u00e9e de la Roya.\" \/>\n<meta property=\"og:url\" content=\"https:\/\/kanaibeer.com\/?page_id=85\" \/>\n<meta property=\"article:modified_time\" content=\"2024-12-10T13:57:55+00:00\" \/>\n<meta property=\"og:image\" content=\"http:\/\/kanaibeer.com\/wp-content\/uploads\/2024\/12\/thumbnail_BD17C8EA-7789-45E2-9E7C-29C1969035BE-1024x768.jpg\" \/>\n<meta name=\"twitter:card\" content=\"summary_large_image\" \/>\n<meta name=\"twitter:label1\" content=\"Dur\u00e9e de lecture estim\u00e9e\" \/>\n\t<meta name=\"twitter:data1\" content=\"3 minutes\" \/>\n<script type=\"application\/ld+json\" class=\"yoast-schema-graph\">{\"@context\":\"https:\/\/schema.org\",\"@graph\":[{\"@type\":\"WebPage\",\"@id\":\"https:\/\/kanaibeer.com\/?page_id=85\",\"url\":\"https:\/\/kanaibeer.com\/?page_id=85\",\"name\":\"Qui sommes-nous ? -\",\"isPartOf\":{\"@id\":\"https:\/\/kanaibeer.com\/#website\"},\"primaryImageOfPage\":{\"@id\":\"https:\/\/kanaibeer.com\/?page_id=85#primaryimage\"},\"image\":{\"@id\":\"https:\/\/kanaibeer.com\/?page_id=85#primaryimage\"},\"thumbnailUrl\":\"http:\/\/kanaibeer.com\/wp-content\/uploads\/2024\/12\/thumbnail_BD17C8EA-7789-45E2-9E7C-29C1969035BE-1024x768.jpg\",\"datePublished\":\"2024-12-06T11:20:43+00:00\",\"dateModified\":\"2024-12-10T13:57:55+00:00\",\"description\":\"Kana\u00ef, des bi\u00e8res artisanales uniques, cr\u00e9\u00e9es avec passion et inspir\u00e9es par l\u2019amiti\u00e9, enracin\u00e9es dans la vall\u00e9e de la Roya.\",\"breadcrumb\":{\"@id\":\"https:\/\/kanaibeer.com\/?page_id=85#breadcrumb\"},\"inLanguage\":\"fr-FR\",\"potentialAction\":[{\"@type\":\"ReadAction\",\"target\":[\"https:\/\/kanaibeer.com\/?page_id=85\"]}]},{\"@type\":\"ImageObject\",\"inLanguage\":\"fr-FR\",\"@id\":\"https:\/\/kanaibeer.com\/?page_id=85#primaryimage\",\"url\":\"http:\/\/kanaibeer.com\/wp-content\/uploads\/2024\/12\/thumbnail_BD17C8EA-7789-45E2-9E7C-29C1969035BE-1024x768.jpg\",\"contentUrl\":\"http:\/\/kanaibeer.com\/wp-content\/uploads\/2024\/12\/thumbnail_BD17C8EA-7789-45E2-9E7C-29C1969035BE-1024x768.jpg\"},{\"@type\":\"BreadcrumbList\",\"@id\":\"https:\/\/kanaibeer.com\/?page_id=85#breadcrumb\",\"itemListElement\":[{\"@type\":\"ListItem\",\"position\":1,\"name\":\"Accueil\",\"item\":\"https:\/\/kanaibeer.com\/\"},{\"@type\":\"ListItem\",\"position\":2,\"name\":\"Qui sommes-nous ?\"}]},{\"@type\":\"WebSite\",\"@id\":\"https:\/\/kanaibeer.com\/#website\",\"url\":\"https:\/\/kanaibeer.com\/\",\"name\":\"\",\"description\":\"vitrine conviviale et authentique d\u00e9di\u00e9e \u00e0 la d\u00e9couverte de bi\u00e8res artisanales uniques, incarnant partage, terroir et cr\u00e9ativit\u00e9.\",\"potentialAction\":[{\"@type\":\"SearchAction\",\"target\":{\"@type\":\"EntryPoint\",\"urlTemplate\":\"https:\/\/kanaibeer.com\/?s={search_term_string}\"},\"query-input\":{\"@type\":\"PropertyValueSpecification\",\"valueRequired\":true,\"valueName\":\"search_term_string\"}}],\"inLanguage\":\"fr-FR\"}]}<\/script>\n<!-- \/ Yoast SEO plugin. -->","yoast_head_json":{"title":"Qui sommes-nous ? -","description":"Kana\u00ef, des bi\u00e8res artisanales uniques, cr\u00e9\u00e9es avec passion et inspir\u00e9es par l\u2019amiti\u00e9, enracin\u00e9es dans la vall\u00e9e de la Roya.","robots":{"index":"index","follow":"follow","max-snippet":"max-snippet:-1","max-image-preview":"max-image-preview:large","max-video-preview":"max-video-preview:-1"},"canonical":"https:\/\/kanaibeer.com\/?page_id=85","og_locale":"fr_FR","og_type":"article","og_title":"Qui sommes-nous ? -","og_description":"Kana\u00ef, des bi\u00e8res artisanales uniques, cr\u00e9\u00e9es avec passion et inspir\u00e9es par l\u2019amiti\u00e9, enracin\u00e9es dans la vall\u00e9e de la Roya.","og_url":"https:\/\/kanaibeer.com\/?page_id=85","article_modified_time":"2024-12-10T13:57:55+00:00","og_image":[{"url":"http:\/\/kanaibeer.com\/wp-content\/uploads\/2024\/12\/thumbnail_BD17C8EA-7789-45E2-9E7C-29C1969035BE-1024x768.jpg","type":"","width":"","height":""}],"twitter_card":"summary_large_image","twitter_misc":{"Dur\u00e9e de lecture estim\u00e9e":"3 minutes"},"schema":{"@context":"https:\/\/schema.org","@graph":[{"@type":"WebPage","@id":"https:\/\/kanaibeer.com\/?page_id=85","url":"https:\/\/kanaibeer.com\/?page_id=85","name":"Qui sommes-nous ? -","isPartOf":{"@id":"https:\/\/kanaibeer.com\/#website"},"primaryImageOfPage":{"@id":"https:\/\/kanaibeer.com\/?page_id=85#primaryimage"},"image":{"@id":"https:\/\/kanaibeer.com\/?page_id=85#primaryimage"},"thumbnailUrl":"http:\/\/kanaibeer.com\/wp-content\/uploads\/2024\/12\/thumbnail_BD17C8EA-7789-45E2-9E7C-29C1969035BE-1024x768.jpg","datePublished":"2024-12-06T11:20:43+00:00","dateModified":"2024-12-10T13:57:55+00:00","description":"Kana\u00ef, des bi\u00e8res artisanales uniques, cr\u00e9\u00e9es avec passion et inspir\u00e9es par l\u2019amiti\u00e9, enracin\u00e9es dans la vall\u00e9e de la Roya.","breadcrumb":{"@id":"https:\/\/kanaibeer.com\/?page_id=85#breadcrumb"},"inLanguage":"fr-FR","potentialAction":[{"@type":"ReadAction","target":["https:\/\/kanaibeer.com\/?page_id=85"]}]},{"@type":"ImageObject","inLanguage":"fr-FR","@id":"https:\/\/kanaibeer.com\/?page_id=85#primaryimage","url":"http:\/\/kanaibeer.com\/wp-content\/uploads\/2024\/12\/thumbnail_BD17C8EA-7789-45E2-9E7C-29C1969035BE-1024x768.jpg","contentUrl":"http:\/\/kanaibeer.com\/wp-content\/uploads\/2024\/12\/thumbnail_BD17C8EA-7789-45E2-9E7C-29C1969035BE-1024x768.jpg"},{"@type":"BreadcrumbList","@id":"https:\/\/kanaibeer.com\/?page_id=85#breadcrumb","itemListElement":[{"@type":"ListItem","position":1,"name":"Accueil","item":"https:\/\/kanaibeer.com\/"},{"@type":"ListItem","position":2,"name":"Qui sommes-nous ?"}]},{"@type":"WebSite","@id":"https:\/\/kanaibeer.com\/#website","url":"https:\/\/kanaibeer.com\/","name":"","description":"vitrine conviviale et authentique d\u00e9di\u00e9e \u00e0 la d\u00e9couverte de bi\u00e8res artisanales uniques, incarnant partage, terroir et cr\u00e9ativit\u00e9.","potentialAction":[{"@type":"SearchAction","target":{"@type":"EntryPoint","urlTemplate":"https:\/\/kanaibeer.com\/?s={search_term_string}"},"query-input":{"@type":"PropertyValueSpecification","valueRequired":true,"valueName":"search_term_string"}}],"inLanguage":"fr-FR"}]}},"uagb_featured_image_src":{"full":false,"thumbnail":false,"medium":false,"medium_large":false,"large":false,"1536x1536":false,"2048x2048":false},"uagb_author_info":{"display_name":"admin9689","author_link":"https:\/\/kanaibeer.com\/?author=1"},"uagb_comment_info":0,"uagb_excerpt":null,"_links":{"self":[{"href":"https:\/\/kanaibeer.com\/index.php?rest_route=\/wp\/v2\/pages\/85","targetHints":{"allow":["GET"]}}],"collection":[{"href":"https:\/\/kanaibeer.com\/index.php?rest_route=\/wp\/v2\/pages"}],"about":[{"href":"https:\/\/kanaibeer.com\/index.php?rest_route=\/wp\/v2\/types\/page"}],"author":[{"embeddable":true,"href":"https:\/\/kanaibeer.com\/index.php?rest_route=\/wp\/v2\/users\/1"}],"replies":[{"embeddable":true,"href":"https:\/\/kanaibeer.com\/index.php?rest_route=%2Fwp%2Fv2%2Fcomments&post=85"}],"version-history":[{"count":15,"href":"https:\/\/kanaibeer.com\/index.php?rest_route=\/wp\/v2\/pages\/85\/revisions"}],"predecessor-version":[{"id":173,"href":"https:\/\/kanaibeer.com\/index.php?rest_route=\/wp\/v2\/pages\/85\/revisions\/173"}],"wp:attachment":[{"href":"https:\/\/kanaibeer.com\/index.php?rest_route=%2Fwp%2Fv2%2Fmedia&parent=85"}],"curies":[{"name":"wp","href":"https:\/\/api.w.org\/{rel}","templated":true}]}}